{"id":17,"date":"2023-01-19T14:11:49","date_gmt":"2023-01-19T13:11:49","guid":{"rendered":"http:\/\/liliane-juchli.de\/?page_id=17"},"modified":"2023-03-13T11:00:30","modified_gmt":"2023-03-13T10:00:30","slug":"liliane-juchli","status":"publish","type":"page","link":"https:\/\/liliane-juchli.de\/?page_id=17","title":{"rendered":"Liliane Juchli"},"content":{"rendered":"\t\t<div data-elementor-type=\"wp-page\" data-elementor-id=\"17\" class=\"elementor elementor-17\" data-elementor-settings=\"{&quot;ha_cmc_init_switcher&quot;:&quot;no&quot;}\">\n\t\t\t\t\t\t<section class=\"elementor-section elementor-top-section elementor-element elementor-element-a81a881 elementor-section-height-min-height elementor-section-boxed elementor-section-height-default elementor-section-items-middle\" data-id=\"a81a881\" data-element_type=\"section\" data-e-type=\"section\" data-settings=\"{&quot;background_background&quot;:&quot;classic&quot;,&quot;_ha_eqh_enable&quot;:false}\">\n\t\t\t\t\t\t<div class=\"elementor-container elementor-column-gap-default\">\n\t\t\t\t\t<div class=\"elementor-column elementor-col-50 elementor-top-column elementor-element elementor-element-86d11d6\" data-id=\"86d11d6\" data-element_type=\"column\" data-e-type=\"column\">\n\t\t\t<div class=\"elementor-widget-wrap elementor-element-populated\">\n\t\t\t\t\t\t<div class=\"elementor-element elementor-element-9e7793f elementor-widget elementor-widget-heading\" data-id=\"9e7793f\" data-element_type=\"widget\" data-e-type=\"widget\" data-widget_type=\"heading.default\">\n\t\t\t\t<div class=\"elementor-widget-container\">\n\t\t\t\t\t<h2 class=\"elementor-heading-title elementor-size-default\">Zur Person<\/h2>\t\t\t\t<\/div>\n\t\t\t\t<\/div>\n\t\t\t\t\t<\/div>\n\t\t<\/div>\n\t\t\t\t<div class=\"elementor-column elementor-col-50 elementor-top-column elementor-element elementor-element-ead254b elementor-hidden-mobile\" data-id=\"ead254b\" data-element_type=\"column\" data-e-type=\"column\">\n\t\t\t<div class=\"elementor-widget-wrap elementor-element-populated\">\n\t\t\t\t\t\t<div class=\"elementor-element elementor-element-aee0f7b elementor-widget elementor-widget-heading\" data-id=\"aee0f7b\" data-element_type=\"widget\" data-e-type=\"widget\" data-widget_type=\"heading.default\">\n\t\t\t\t<div class=\"elementor-widget-container\">\n\t\t\t\t\t<h2 class=\"elementor-heading-title elementor-size-default\">LILIANE<\/h2>\t\t\t\t<\/div>\n\t\t\t\t<\/div>\n\t\t\t\t<div class=\"elementor-element elementor-element-2be1e6b elementor-widget elementor-widget-heading\" data-id=\"2be1e6b\" data-element_type=\"widget\" data-e-type=\"widget\" data-widget_type=\"heading.default\">\n\t\t\t\t<div class=\"elementor-widget-container\">\n\t\t\t\t\t<h2 class=\"elementor-heading-title elementor-size-default\">JUCHLI<\/h2>\t\t\t\t<\/div>\n\t\t\t\t<\/div>\n\t\t\t\t<div class=\"elementor-element elementor-element-6876afb elementor-widget elementor-widget-heading\" data-id=\"6876afb\" data-element_type=\"widget\" data-e-type=\"widget\" data-widget_type=\"heading.default\">\n\t\t\t\t<div class=\"elementor-widget-container\">\n\t\t\t\t\t<h2 class=\"elementor-heading-title elementor-size-default\">Gesellschaft<\/h2>\t\t\t\t<\/div>\n\t\t\t\t<\/div>\n\t\t\t\t<div class=\"elementor-element elementor-element-8fe30a6 elementor-align-right elementor-widget elementor-widget-button\" data-id=\"8fe30a6\" data-element_type=\"widget\" data-e-type=\"widget\" data-widget_type=\"button.default\">\n\t\t\t\t<div class=\"elementor-widget-container\">\n\t\t\t\t\t\t\t\t\t<div class=\"elementor-button-wrapper\">\n\t\t\t\t\t<a class=\"elementor-button elementor-button-link elementor-size-sm\" href=\"http:\/\/localhost\/php\/ljg\/?page_id=21\">\n\t\t\t\t\t\t<span class=\"elementor-button-content-wrapper\">\n\t\t\t\t\t\t\t\t\t<span class=\"elementor-button-text\">Kontakt<\/span>\n\t\t\t\t\t<\/span>\n\t\t\t\t\t<\/a>\n\t\t\t\t<\/div>\n\t\t\t\t\t\t\t\t<\/div>\n\t\t\t\t<\/div>\n\t\t\t\t\t<\/div>\n\t\t<\/div>\n\t\t\t\t\t<\/div>\n\t\t<\/section>\n\t\t\t\t<section class=\"elementor-section elementor-top-section elementor-element elementor-element-1f35011 elementor-section-boxed elementor-section-height-default elementor-section-height-default\" data-id=\"1f35011\" data-element_type=\"section\" data-e-type=\"section\" data-settings=\"{&quot;_ha_eqh_enable&quot;:false}\">\n\t\t\t\t\t\t<div class=\"elementor-container elementor-column-gap-default\">\n\t\t\t\t\t<div class=\"elementor-column elementor-col-100 elementor-top-column elementor-element elementor-element-e6d1c4c\" data-id=\"e6d1c4c\" data-element_type=\"column\" data-e-type=\"column\">\n\t\t\t<div class=\"elementor-widget-wrap elementor-element-populated\">\n\t\t\t\t\t\t<div class=\"elementor-element elementor-element-377a8c8 elementor-widget elementor-widget-heading\" data-id=\"377a8c8\" data-element_type=\"widget\" data-e-type=\"widget\" data-widget_type=\"heading.default\">\n\t\t\t\t<div class=\"elementor-widget-container\">\n\t\t\t\t\t<h3 class=\"elementor-heading-title elementor-size-default\">Leben und Werk<\/h3>\t\t\t\t<\/div>\n\t\t\t\t<\/div>\n\t\t\t\t<div class=\"elementor-element elementor-element-756467d elementor-widget elementor-widget-heading\" data-id=\"756467d\" data-element_type=\"widget\" data-e-type=\"widget\" data-widget_type=\"heading.default\">\n\t\t\t\t<div class=\"elementor-widget-container\">\n\t\t\t\t\t<h1 class=\"elementor-heading-title elementor-size-default\">LILIANE JUCHLI<\/h1>\t\t\t\t<\/div>\n\t\t\t\t<\/div>\n\t\t\t\t\t<\/div>\n\t\t<\/div>\n\t\t\t\t\t<\/div>\n\t\t<\/section>\n\t\t\t\t<section class=\"elementor-section elementor-top-section elementor-element elementor-element-c96d697 elementor-section-boxed elementor-section-height-default elementor-section-height-default\" data-id=\"c96d697\" data-element_type=\"section\" data-e-type=\"section\" data-settings=\"{&quot;_ha_eqh_enable&quot;:false}\">\n\t\t\t\t\t\t<div class=\"elementor-container elementor-column-gap-default\">\n\t\t\t\t\t<div class=\"elementor-column elementor-col-100 elementor-top-column elementor-element elementor-element-ea1c9b5\" data-id=\"ea1c9b5\" data-element_type=\"column\" data-e-type=\"column\">\n\t\t\t<div class=\"elementor-widget-wrap elementor-element-populated\">\n\t\t\t\t\t\t<div class=\"elementor-element elementor-element-ba01b5d elementor-widget elementor-widget-text-editor\" data-id=\"ba01b5d\" data-element_type=\"widget\" data-e-type=\"widget\" data-widget_type=\"text-editor.default\">\n\t\t\t\t<div class=\"elementor-widget-container\">\n\t\t\t\t\t\t\t\t\t<p>Liliane Juchli \u00a0wurde am 19. Oktober 1933 als Klara Ida Juchli in Nussbaumen\/Obersiggenthal im Kanton Aargau geboren.<\/p><p>Sie wuchs mit ihren Geschwistern in einfachen Verh\u00e4ltnissen auf und sollte eigentlich auf Wunsch ihrer Mutter eine \u201eSaal-Lehre\u201c (Kellnerin) absolvieren. Sie \u00a0schaute sich aber nach einem Ausbildungsplatz f\u00fcr Krankenpflege um und fand diesen im Theodosianum in Z\u00fcrich, wo sie von 1953 bis 1956 ihre Lehre als Krankenschwester absolvierte.<\/p><p>1956 trat sie in den Orden der Barmherzigen Schwestern vom Heiligen Kreuz im Institut Ingenbohl bei Brunnen in der Schweiz ein und legte dort 1959 das Ordensgel\u00fcbde ab. Gleichzeitig nahm sie den Ordensnamen Schwester Liliane an.<\/p><p>Die folgenden Jahre wirkte sie als Krankenschwester in verschiedenen Krankenh\u00e4usern aller Fachrichtungen (z. B. Walenstadt, Locarno, Z\u00fcrich) als Krankenschwester.<\/p><p>Nach ihrer R\u00fcckkehr ins Theodosianum ab 1962 arbeitete sie an der dortigen Krankenpflegeschule und entdeckte ihr Talent f\u00fcr die didaktische Aufbereitung und Vermittlung von Wissen.<\/p><p>1964 erlangte sie einen Diplomabschluss als Lehrerin der Krankenpflege an der Kaderschule des Schweizerischen Roten Kreuzes in Z\u00fcrich und \u00fcbernahm nach dem Abschluss die neu geschaffene Stelle der klinischen Schulschwester am Theodosianum in St. Gallen. Dort baute sie in den 1960er-Jahren das Ausbildungsangebot f\u00fcr Pflegekr\u00e4fte auf.<\/p><p>Da es bis zu diesem Zeitpunkt keine einheitlichen Lehrmaterialien gab, erstellte sie diese kurzerhand selbst. Diese Aufzeichnungen, die sie 1969 zu einem rund 500 seitigen Manuskript zusammenfasste, das auch immer mehr von ausw\u00e4rtigen Sch\u00fclerinnen angefordert wurde, bildeten die Grundlage f\u00fcr das 1973 erschienene Buch \u201eAllgemeine und spezielle Krankenpflege\u201c, das schnell zum Standardwerk wurde und in verschiedenen \u00dcbersetzungen erschien.<\/p><p>In den folgenden Jahren arbeite Liliane Juchli u.a. als Leiterin der ordenseigenen Pflegeschule am Clara-Spital in Basel, von\u00a0 1971\u20131977 als Mitarbeiterin an der Kaderschule f\u00fcr Krankenpflege des Schweizerischen Roten Kreuzes (SRK) in Aarau und 1983\u20131990 dort als Dozentin der F\u00e4cher Didaktik und Krankenpflege.<\/p><p>Die hohe Arbeitsbelastung f\u00fchrte zu Ersch\u00f6pfung und Depression. Dieser Prozess und die anschlie\u00dfende Gesundung ver\u00e4nderten in den 1970er-Jahren Liliane Juchlis Menschenbild und damit auch ihren Blick auf die Pflege nachhaltig. Pflege sollte, so ihre \u00dcberzeugung, auf einem ganzheitlichen Denken und Handeln beruhten und wesentlich enger als bisher an den k\u00f6rperlichen und seelischen Bed\u00fcrfnissen des Menschen in seiner Gesamtheit orientiert sein \u2013 und zwar sowohl des Pflegebed\u00fcrftigen als auch des Pflegenden. Ihre Erkrankung bewirkte auch, dass sie das Thema \u201eSelbstpflege\u201c in ihr Lehrbuch aufnahm.<\/p><p>1979 unterbrach Schwester Liliane Juchli ihre Lehrt\u00e4tigkeit f\u00fcr 2 Jahre und arbeite wieder in der Krankenpflege im Inselspital in Bern.<\/p><p>Seit den 1980er Jahren begann sie eine umfangreiche Lehrt\u00e4tigkeit in Erwachsenenbildung sowie Weiterbildung f\u00fcr Pflegende, Leitende und Unterrichtende im In- und Ausland. Ihr Orden stellte sie als \u201eReisende in Sachen Pflege\u201c frei. Die Aussage, sie sei \u201eReisende f\u00fcr Pflege\u201c, berichtigte sie gern: \u201eWenn schon, dann Reisende in Hoffnung.\u201c<\/p><p>Zunehmend entwickelte sich aus der Pflegeexpertin auch eine Lebensberaterin. In der Ordensgemeinschaft \u00fcbernahm sie den Bildungsauftrag \u00abOption f\u00fcr das Alter\u00bb. Nicht zuletzt auch durch ihre zus\u00e4tzlichen Qualifikationen so f\u00fcr initiatische Therapie bei Graf D\u00fcrckheim in Todtmoos-R\u00fctte, f\u00fcr Gestaltp\u00e4dagogik bei Albert H\u00f6fer in Graz und eine logotherapeutische Ausbildung nach Viktor Frankl in T\u00fcbingen.<\/p><p>Nach ihrer Pensionierung 1998 besch\u00e4ftigte sich Liliane Juchli vorranging mit der Frage, wie Altern gut \u201egelingen\u201c kann. Sie setzte sich aber auch nach wie vor im Bereich Pflege ein und engagierte sich zu Themen rund um Spiritualit\u00e4t und Sinnfindung in der Pflege.<\/p><p>Die Auseinandersetzung mit ihrem Abschied aus der Berufst\u00e4tigkeit f\u00fchrte zu ihrem Buch \u201eGanzheitliche Pflege \u2013 Vision oder Wirklichkeit\u201c.<\/p><p>Schwester Liliane setzte sich ein Leben lang f\u00fcr die W\u00fcrde des Menschen ein; dieser Einsatz steht bei ihr im Zentrum ihres Lebens, ein Wert, der zutiefst in ihr lebt und in ihr Wirken dr\u00e4ngt. Sie bezeichnet W\u00fcrde als ein h\u00f6chster menschlicher Wert, wie auch als Gegenkraft zu einer Leistungsgesellschaft, die mit einer demographischen Ver\u00e4nderung, in der Menschen immer \u00e4lter werden, konfrontiert ist.<\/p><p>Sie starb im November 2020 in Basel.<\/p><p>\u00a0<\/p><p>Quellen:<\/p><p><a href=\"https:\/\/www.thieme.de\/de\/pflege\/Schwester-Liliane-Juchli-Die-Grande-Dame-der-Pflege-37686.htm\" target=\"_blank\" rel=\"noopener\">https:\/\/www.thieme.de\/de\/pflege\/Schwester-Liliane-Juchli-Die-Grande-Dame-der-Pflege-37686.htm<\/a><\/p><p><a href=\"https:\/\/www.nzz.ch\/schweiz\/sie-hat-der-pflege-eine-stimme-gegeben-ld.1590221\" target=\"_blank\" rel=\"noopener\">https:\/\/www.nzz.ch\/schweiz\/sie-hat-der-pflege-eine-stimme-gegeben-ld.1590221<\/a><\/p><p><a href=\"https:\/\/www.thieme.de\/de\/pflege\/Schwester-Liliane-Juchli-Die-Grande-Dame-der-Pflege-37686.htm\" target=\"_blank\" rel=\"noopener\">https:\/\/www.thieme.de\/de\/pflege\/Schwester-Liliane-Juchli-Die-Grande-Dame-der-Pflege-37686.htm<\/a><\/p><p><a href=\"https:\/\/pflege.fandom.com\/de\/wiki\/Liliane_Juchli#Ihre_Lebensgeschichte\" target=\"_blank\" rel=\"noopener\">https:\/\/pflege.fandom.com\/de\/wiki\/Liliane_Juchli#Ihre_Lebensgeschichte<\/a><\/p><p><a href=\"https:\/\/de.wikipedia.org\/wiki\/Liliane_Juchli\" target=\"_blank\" rel=\"noopener\">https:\/\/de.wikipedia.org\/wiki\/Liliane_Juchli<\/a><\/p><p><a href=\"https:\/\/lilianejuchli.ch\/zur-person\">https:\/\/lilianejuchli.ch\/zur-person<\/a><\/p><p><a href=\"https:\/\/www.bibliomed-pflege.de\/news\/trauer-um-schwester-liliane-juchli\" target=\"_blank\" rel=\"noopener\">https:\/\/www.bibliomed-pflege.de\/news\/trauer-um-schwester-liliane-juchli<\/a><\/p>\t\t\t\t\t\t\t\t<\/div>\n\t\t\t\t<\/div>\n\t\t\t\t\t<\/div>\n\t\t<\/div>\n\t\t\t\t\t<\/div>\n\t\t<\/section>\n\t\t\t\t<\/div>\n\t\t","protected":false},"excerpt":{"rendered":"<p>Zur Person LILIANE JUCHLI Gesellschaft Kontakt Leben und Werk LILIANE JUCHLI Liliane Juchli \u00a0wurde am 19. Oktober 1933 als Klara Ida Juchli in Nussbaumen\/Obersiggenthal im Kanton Aargau geboren. Sie wuchs mit ihren Geschwistern in einfachen Verh\u00e4ltnissen auf und sollte eigentlich auf Wunsch ihrer Mutter eine \u201eSaal-Lehre\u201c (Kellnerin) absolvieren. Sie \u00a0schaute sich aber nach einem Ausbildungsplatz [&hellip;]<\/p>\n","protected":false},"author":1,"featured_media":0,"parent":0,"menu_order":0,"comment_status":"closed","ping_status":"closed","template":"elementor_header_footer","meta":{"footnotes":"","_links_to":"","_links_to_target":""},"class_list":["post-17","page","type-page","status-publish","hentry"],"_links":{"self":[{"href":"https:\/\/liliane-juchli.de\/index.php?rest_route=\/wp\/v2\/pages\/17","targetHints":{"allow":["GET"]}}],"collection":[{"href":"https:\/\/liliane-juchli.de\/index.php?rest_route=\/wp\/v2\/pages"}],"about":[{"href":"https:\/\/liliane-juchli.de\/index.php?rest_route=\/wp\/v2\/types\/page"}],"author":[{"embeddable":true,"href":"https:\/\/liliane-juchli.de\/index.php?rest_route=\/wp\/v2\/users\/1"}],"replies":[{"embeddable":true,"href":"https:\/\/liliane-juchli.de\/index.php?rest_route=%2Fwp%2Fv2%2Fcomments&post=17"}],"version-history":[{"count":29,"href":"https:\/\/liliane-juchli.de\/index.php?rest_route=\/wp\/v2\/pages\/17\/revisions"}],"predecessor-version":[{"id":287,"href":"https:\/\/liliane-juchli.de\/index.php?rest_route=\/wp\/v2\/pages\/17\/revisions\/287"}],"wp:attachment":[{"href":"https:\/\/liliane-juchli.de\/index.php?rest_route=%2Fwp%2Fv2%2Fmedia&parent=17"}],"curies":[{"name":"wp","href":"https:\/\/api.w.org\/{rel}","templated":true}]}}